0222
Convert 342408 (base 9) to base 3.
101102110022
Convert 3733230 (base 9) to base 4.
13233202131
What is 3b2a3 (base 15) in base 6?
4021443
What is 12102110000101 (base 3) in base 4?
22333232230
Convert 133243001 (base 5) to base 11.
425712
What is -122312133111 (base 4) in base 8?
-32663725
What is -33244315 (base 7) in base 12?
-b63ab1
What is 16ecad (base 15) in base 7?
12314410
31a6a28 (base 11) to base 14
a6836a
What is -992 (base 12) in base 2?
-10101111110
Convert 3432 (base 9) to base 14.
cd6
What is -6217154 (base 8) in base 4?
-12101321230
What is -81284 (base 10) in base 16?
-13d84
Convert 62f437 (base 16) to base 9.
13173727
426076 (base 8) to base 15
2c2d3
What is -1c0d24 (base 16) in base 15?
-264a82
-2521103 (base 7) to base 8
-1171662
Convert -1022c44 (base 13) to base 6.
-252452441
-450227 (base 9) to base 10
-269188
-6e089 (base 16) to base 3
-211220020111
What is 193143 (base 10) in base 13?
69bb2
What is 614818 (base 15) in base 10?
4622198
Convert 222231321 (base 4) to base 8.
525571
1222121111 (base 3) to base 11
273aa
Convert 16a71 (base 15) to base 9.
121407
What is 13344141 (base 5) in base 14?
3811b
What is 10660521 (base 7) in base 8?
3452053
-442342132 (base 5) to base 4
-13110113101
-573075 (base 11) to base 16
-de9c9
1053778 (base 10) to base 9
1875454
Convert 73726123 (base 8) to base 13.
333c518
-52164325 (base 7) to base 5
-2110321024
Convert 23977 (base 15) to base 7.
651640
-2210221110202 (base 3) to base 14
-2aca70
Convert -74a57 (base 14) to base 11.
-1828a6
What is 37071 (base 13) in base 7?
600624
3784107 (base 10) to base 4
32123312223
-748357 (base 9) to base 14
-b860a
-121001121221 (base 3) to base 11
-1a6557
Convert 6043b (base 13) to base 2.
101010000000111100
Convert 2384 (base 9) to base 13.
a69
Convert -11242541 (base 8) to base 7.
-26522156
-13111221013 (base 4) to base 15
-27ee8a
Convert -2947176 (base 10) to base 3.
-12112201202200
What is -152421 (base 8) in base 14?
-15c41
Convert -110130002 (base 4) to base 8.
-243402
-23c99 (base 16) to base 4
-203302121
What is 290642 (base 13) in base 4?
3310103333
What is 6581 (base 12) in base 8?
25661
103495 (base 12) to base 6
5243105
Convert -36236 (base 10) to base 16.
-8d8c
Convert -1332453 (base 6) to base 16.
-122f1
-32abb0 (base 13) to base 3
-2020201012021
1220212022121 (base 3) to base 8
3711640
Convert -6483338 (base 10) to base 9.
-13171418
10123301232 (base 4) to base 11
724322
Convert -1012010100102 (base 3) to base 7.
-5242301
Convert -1605434 (base 8) to base 2.
-1110000101100011100
What is -1098ba (base 12) in base 14?
-6cb70
Convert -136163 (base 8) to base 4.
-23301303
Convert -3230140021 (base 5) to base 10.
-6880636
What is -113335 (base 9) in base 8?
-204750
What is c4783 (base 14) in base 3?
220001110101
-117a9 (base 15) to base 12
-28306
96447 (base 16) to base 13
1871ca
What is -268a04 (base 14) in base 5?
-320030220
Convert 24035543 (base 8) to base 13.
11213bc
What is -48cc2 (base 14) in base 5?
-21200023
Convert 1210122110011 (base 3) to base 7.
11065363
What is -28c0e5 (base 15) in base 5?
-1000330330
-8545b2 (base 12) to base 6
-113015542
What is -22201001111 (base 3) in base 11?
-107818
What is -3245115 (base 6) in base 2?
-100111100000100111
What is -221300101332 (base 4) in base 5?
-10300230122
28341b (base 12) to base 2
10100011011010010111
Convert -452525 (base 10) to base 16.
-6e7ad
Convert -247663 (base 8) to base 10.
-85939
What is -472042 (base 11) in base 14?
-157167
What is -12115332 (base 7) in base 5?
-234024214
What is -8dbcc (base 14) in base 4?
-1110103320
3c53 (base 15) to base 12
7573
Convert 30e859 (base 16) to base 8.
14164131
What is 20010011100 (base 3) in base 12?
59816
What is -2001222011 (base 3) in base 5?
-2301201
What is 1323100012 (base 4) in base 16?
7b406
Convert -103221110 (base 4) to base 2.
-10011101001010100
Convert 3357272 (base 10) to base 5.
1324413042
12012222010 (base 3) to base 15
206b0
Convert -134780 (base 9) to base 11.
-56907
Convert 32452552 (base 6) to base 9.
1740385
-1100111110100111 (base 2) to base 9
-80825
-29480 (base 16) to base 9
-276845
Convert -40481 (base 10) to base 2.
-1001111000100001
What is 1511213 (base 6) in base 4?
111101121
What is -1043261 (base 7) in base 16?
-1f5a7
What is -792509 (base 10) in base 16?
-c17bd
Convert 10101000000001000 (base 2) to base 11.
596a4
What is 576658 (base 9) in base 4?
1110133211
Convert -4620508 (base 9) to base 16.
-260c99
294284 (base 11) to base 9
770317
What is 14535016 (base 7) in base 5?
323341410
Convert 305523 (base 10) to base 3.
120112002200
7966763 (base 10) to base 5
4014414023
What is 23223030 (base 4) in base 16?
bacc
Convert 65988 (base 10) to base 7.
363246
Convert aa7b2 (base 13) to base 7.
2424415
Convert -1077303 (base 9) to base 6.
-20253433
What is -174bc8 (base 13) in base 12?
-2409a7
Convert -19562 (base 13) to base 7.
-263420
Convert -1183355 (base 9) to base 16.
-9d952
What is 314502 (base 14) in base 10?
1663846
-303763 (base 8) to base 15
-1eae4
-100010110000110101 (base 2) to base 10
-142389
23be65 (base 16) to base 3
11102000022022
What is 1116421 (base 9) in base 15?
bd47d
585890 (base 11) to base 9
1666770
-150412342 (base 6) to base 14
-5b02c6
150611 (base 12) to base 16
5646d
What is -5412351 (base 8) in base 14?
-299557
What is -3251425 (base 7) in base 14?
-a564c
What is -3163226 (base 11) in base 13?
-11cc3a8
What is 201223213 (base 4) in base 15?
2ad24
What is 22115353 (base 6) in base 2?
10100001111110110101
63807 (base 10) to base 11
43a37
What is -11966 (base 16) in base 11?
-4a13a
-1011100000010000110 (base 2) to base 10
-376966
What is 137479 (base 12) in base 15?
65e20
Convert 235d4 (base 14) to base 15.
1a83a
What is 11687878 (base 9) in base 15?
781d5e
Convert -6a59 (base 11) to base 13.
-42a4
Convert -16647 (base 11) to base 14.
-875a
Convert -38a6a7 (base 11) to base 5.
-124130214
Convert 1738d (base 15) to base 4.
102110302
1060122 (base 9) to base 7
4565312
Convert 1505463 (base 8) to base 16.
68b33
Convert 13b4a1 (base 15) to base 7.
11033002
Convert 222102004 (base 5) to base 4.
3231111201
-1212424 (base 5) to base 7
-123442
-445126 (base 7) to base 5
-10003431
5403564 (base 7) to base 9
1210850
Convert -1100010100011011011000 (base 2) to base 15.
-43bcd5
Convert -1668418 (base 9) to base 13.
-267b66
What is 1315454 (base 7) in base 16?
2a185
Convert 126a64 (base 12) to base 4.
1021301230
What is 255241 (base 9) in base 12?
75677
What is -313221334 (base 5) in base 14?
-25d614
9825c5 (base 13) to base 6
204345205
What is 22002011220011 (base 3) in base 2?
10000011000011100111110
Convert 97667 (base 12) to base 6.
4140211
-fafb9 (base 16) to base 9
-1836160
357d9 (base 15) to base 14
46209
Convert -1130402020 (base 5) to base 7.
-31010413
-3737096 (base 11) to base 4
-120301302121
Convert 485c25 (base 13) to base 10.
1726704
b541e (base 15) to base 6
20152315
Convert -3442502 (base 7) to base 5.
-102240322
Convert 2519915 (base 10) to base 12.
a1634b
Convert 467265 (base 9) to base 11.
182041
What is 1a1c30 (base 13) in base 4?
2201122233
Convert -221212000222 (base 3) to base 16.
-7c3c4
What is -110101011000100111100 (base 2) in base 4?
-12223010330
1392898 (base 12) to base 16
3bdf74
-3440223 (base 5) to base 8
-170762
Convert -76046 (base 8) to base 16.
-7c26
What is 544724 (base 10) in base 7?
4426055
53055414 (base 8) to base 12
39488b8
-112010123 (base 4) to base 10
-90395
-10972 (base 16) to base 2
-10000100101110010
What is 1551446 (base 9) in base 4?
3102012222
402235 (base 6) to base 16
7b8f
What is -7381142 (base 9) in base 2?
-1111000100011111101010
Convert 221002101001122 (base 3) to base 13.
29ba7b3
Convert 4187202 (base 9) to base 10.
2242568
What is -220102121110101 (base 3) in base 8?
-61415467
What is -2a21807 (base 11) in base 16?
-4f1ec4
What is 62b2a2 (base 12) in base 15?
20a622
Convert 34001404 (base 5) to base 10.
297104
1002000101120 (base 3) to base 13
16cc32
What is -10101000010110 (base 2) in base 13?
-4b9a
-135555120 (base 6) to base 3
-12021012202210
-533f3 (base 16) to base 12
-1453ab
Convert 4430444 (base 7) to base 5.
114422010
151097 (base 11) to base 8
714255
Convert -14413033 (base 5) to base 6.
-3145343
-1d0bc (base 16) to base 12
-5